= 2*x - k. What is the highest common factor of x and u?
3
Let v = 50 - 23. Calculate the greatest common factor of 3 and v.
3
Suppose -2*y = y - 9. Suppose 0 = -y*b + 2*b + 5. Let l be (-70)/(-2) - (3 + -3)/2. What is the greatest common factor of l and b?
5
Suppose r + 21 = 4*r. What is the highest common factor of r and 63?
7
Let n = 18 - 12. Suppose 0 = 3*g - 3, -n*g = 2*m - 2*g - 68. Calculate the highest common divisor of 80 and m.
16
Let w be (-1370)/(-70) - 3/(-7). Calculate the greatest common divisor of 180 and w.
20
Suppose 3*x - 51 = -4*g + 42, -2*g - 3*x + 39 = 0. Calculate the highest common factor of 18 and g.
9
Suppose 0*g - 5*k - 11 = -g, 2*g = -3*k + 35. What is the highest common factor of g and 40?
8
Let y be (46/6 + -3)*24. Calculate the highest common divisor of y and 16.
16
Let o be (-399)/(-3) - (0/(-3) + 4). What is the highest common factor of 86 and o?
43
Let w = -2 + 3. Let f be (15/(-3) - -1)*10/(-8). What is the greatest common factor of w and f?
1
Suppose -2*f - 4 = 2*f. Let t = 1 - f. Suppose -t*k = -3*a + 28 + 15, 5*a + 3*k = 78. Calculate the greatest common factor of a and 6.
3
Suppose 9*l = 8*l + 17. Let y = 58 - -10. Calculate the greatest common factor of l and y.
17
Let a = -154 - -224. Let i(b) = -b**3 - 5*b**2 - 3*b - 5. Let k be i(-5). What is the greatest common divisor of a and k?
10
Let z = 0 + 21. What is the greatest common divisor of 84 and z?
21
Let v = -5 + 5. Suppose -4*w + w + c = 2, v = -4*c + 20. Let m be -2 - ((-8)/1)/w. Calculate the highest common divisor of m and 54.
6
Let u(l) = l**2 - 6*l + 6. Let p be u(4). Let z be 1 + (1 + p)/(-1). Calculate the greatest common factor of z and 14.
2
Let d be 2/1 + 21*1. Let t be ((-115)/(-10))/(4/24). What is the greatest common factor of d and t?
23
Let i(a) = 2*a**2 - 31*a - 30. Let r be i(17). Let c(w) = -232*w**3 - 1. Let z be c(-1). What is the greatest common factor of z and r?
21
Let h be (-10)/55 + 392/(-22). Let c = h - -32. What is the greatest common factor of 126 and c?
14
Suppose 0 = 5*q + 4*z - 313, -3*q - 2*q - z + 307 = 0. Let v be 1*(-1 + 4) + q. Calculate the highest common divisor of v and 32.
32
Let x(b) = 4*b**2 + 8*b - 5. Let u be x(6). What is the greatest common factor of 17 and u?
17
Let l be 4/16*0 + 9. Calculate the highest common divisor of l and 63.
9
Let q(o) = 5*o - 11. Let u = -11 - -24. Let z be q(u). Let f be 18 + (-1)/2*0. What is the highest common divisor of z and f?
18
Suppose 0 = 6*x - 75 - 51. What is the highest common divisor of x and 35?
7
Suppose -q = -2*v - 92, 3*q + 5*v - 78 = 2*q. What is the highest common factor of 11 and q?
11
Suppose 7*s - 20 = 2*s. Suppose -2*y - 10 = 0, 0*l - 12 = 2*l + 4*y. Suppose 11 + 133 = 4*m + 4*c, -l*c = 0. Calculate the highest common factor of s and m.
4
Suppose -2*u + 109 = -3*r, 4*u + 2*r - 49 = 177. What is the highest common divisor of u and 28?
28
Let q(y) = -3*y + 3 + 6*y - y + 14*y**2. Let d be q(-2). Calculate the greatest common divisor of 5 and d.
5
Suppose 2*g - 2*j - 37 = j, 5*g - 5*j = 85. Suppose -2*c = -0*c - g. What is the greatest common factor of c and 56?
7
Let u be 620/12 + ((-4)/(-3))/4. What is the greatest common factor of u and 13?
13
Suppose y - 30 = -2*y. Calculate the highest common divisor of y and 2.
2
Suppose -4*f + 1523 - 169 = y, -1350 = -4*f - 3*y. Suppose -3*n + f = 3*q, -2*n - n = -3*q + 345. What is the highest common factor of q and 19?
19
Let d(o) = -2*o**3 - 2*o**2 + 2*o - 1. Let v be d(1). Let f be v/1*(-1 + 0). Let i be (0 - -6)/3 + f. What is the greatest common factor of i and 10?
5
Let h = -13 - -18. Suppose -15 = -3*v - 2*a + a, 0 = -h*v - a + 23. Calculate the highest common factor of v and 10.
2
Suppose z + 18 - 161 = -4*h, -4*h - 619 = -5*z. Suppose 5*i + p = -392, 0 = -i - 0*i + p - 82. Let c = i + z. What is the highest common divisor of 6 and c?
6
Suppose -5*p = -5*b - 115, 0 = -p - b + 16 + 7. Let i = 266 - 105. What is the greatest common divisor of p and i?
23
Suppose -140 = -9*j + 2*j. What is the greatest common factor of 4 and j?
4
Suppose -y + 3*z = -62, 2*y = z - 0*z + 104. Let b = -40 + 54. Suppose -4*p + y = b. What is the highest common factor of p and 99?
9
Suppose 9*t - 6*t = 24. What is the highest common factor of t and 4?
4
Suppose 3*n - 2*y - 505 = 0, -4*n + 670 = -0*y - 2*y. Calculate the greatest common factor of 33 and n.
33
Let g be 12 - (-7 + 3 + 3). What is the greatest common factor of g and 91?
13
Suppose 0*n - 4 = n, 0 = 5*l + 2*n - 502. What is the highest common factor of 6 and l?
6
Let y(z) = 9*z + 14. Let f be y(7). What is the highest common factor of 7 and f?
7
Suppose 0 = 12*s - 17*s + 130. Calculate the highest common factor of s and 26.
26
Let r be (-52)/(-2)*(-3 + (-21)/(-6)). Calculate the highest common factor of r and 91.
13
Suppose 2*l - 4*z = 4, 5*l - 4*z + 0*z - 40 = 0. Calculate the greatest common factor of 30 and l.
6
Let n be (-2 - 26)/2*-1. What is the greatest common factor of 35 and n?
7
Let t be (-2)/(-4) + (1551/2)/3. Calculate the greatest common factor of 37 and t.
37
Let n(u) = u**3 - 3*u**2 - 7*u + 12. Let a be n(5). Calculate the greatest common factor of a and 3.
3
Suppose 4*l = -2*b + 58, 3*b + 4*l - 153 + 60 = 0. What is the greatest common divisor of 21 and b?
7
Suppose -s + 40 = 3*q, -4*s + 3*s + 25 = 2*q. Suppose u - q = -0*u. What is the greatest common factor of 30 and u?
15
Let m be 1 + 0 + 27 - 1. Calculate the greatest common divisor of m and 135.
27
Let p(d) = d**3 - 5*d**2 - d + 3. Let m be p(6). What is the highest common factor of 22 and m?
11
Let r = 49 - 29. Let l be 4/((2/(-1))/(-4)). Calculate the highest common divisor of r and l.
4
Suppose 5*l - 2 = 8. Suppose 5*d - 69 = -5*t + l*t, -3 = -t. Let v be (-4)/18 + (-2598)/(-27). What is the highest common divisor of d and v?
12
Suppose -3*n = 3*v - 3 - 54, 23 = 2*v + 5*n. Suppose 5*k = 6 + v. What is the highest common divisor of k and 54?
6
Suppose 2 = -k, -5*d + 0*d - 4*k = -72. Calculate the highest common factor of d and 24.
8
Suppose -5*n = 3*r - 325, -2*r - 3*n + 4*n = -208. What is the highest common factor of 42 and r?
21
Suppose 4*y - 2*l - 135 = -49, 4*y = -3*l + 71. Suppose -b = b - y. Calculate the greatest common factor of b and 20.
10
Suppose -3*p + 0*p = 4*n - 43, 2*p - 6 = 3*n. Suppose -2*a + p = -9. Let y be (-2)/4 + (-290)/(-4). Calculate the greatest common divisor of y and a.
9
Let g(i) be the second derivative of 5*i**3/3 + i**2/2 - 2*i. Let d be g(2). Calculate the highest common factor of 7 and d.
7
Let a be ((3/2)/(-1))/(9/(-78)). What is the greatest common divisor of a and 65?
13
Suppose 4*f + 10 - 2 = 0. Let r = -5 - f. Let s(l) = l**3 + 5*l**2 - 4*l. Let i be s(r). Calculate the highest common factor of 12 and i.
6
Let v be 0 + (0 - 3)*1. Let j be (12/8)/(v/(-32)). What is the highest common divisor of j and 4?
4
Let q be (-38)/((-2)/1) - -2. What is the highest common factor of q and 7?
7
Suppose 0 = 2*z + z - 63. Suppose -3*k - 10 = 2*k. Let c be -42*(5/k)/5. What is the highest common divisor of c and z?
21
Suppose -3*s + 275 + 65 = -2*k, 4*s + 3*k - 425 = 0. What is the highest common divisor of 22 and s?
22
Let y be (-10)/(-15) - (-35)/(-3). Let m = 22 + y. Let n(x) = 5*x**2 - 1. Let c be n(3). Calculate the greatest common factor of c and m.
11
Let p be -1 + 2 + 0 + 3. Suppose 4*u + 5*y - 41 = u, y - 49 = -p*u. Calculate the greatest common factor of 3 and u.
3
Let u be (0 - 1) + 50 - -1. What is the highest common divisor of u and 20?
10
Let i(w) = w**3 + w**2 + w + 2. Let t be i(0). Suppose 3*z + 0 + 21 = 5*s, 5*z = -t*s - 4. What is the greatest common factor of s and 3?
3
Suppose 34 = 3*c + 2*c - 3*o, -o - 23 = -4*c. Suppose -3*x + c*g + 41 = -0*g, 5*g - 78 = -4*x. Calculate the greatest common divisor of x and 187.
17
Suppose 0*h - 768 = -3*h. Calculate the greatest common divisor of h and 16.
16
Suppose -2*y + 34 = 5*t - 14, 0 = -y + 5*t - 6. Let g be (-2 + y/6)*18. Let o = -4 + 7. Calculate the highest common factor of g and o.
3
Let d(j) = 3*j + 9. Let p be d(7). Let v be p*(6/(-9) - -1). Calculate the greatest common factor of 80 and v.
10
Let q(a) = -3*a - a + 2 + 3. Let y be q(-4). Calculate the highest common factor of 3 and y.
3
Let s = -112 - -212